{"id":8872,"date":"2021-01-24T18:12:55","date_gmt":"2021-01-24T17:12:55","guid":{"rendered":"https:\/\/www.lucecristiana.it\/?post_type=raccolta&#038;p=8872"},"modified":"2026-02-15T14:42:04","modified_gmt":"2026-02-15T14:42:04","slug":"verbo-immagine-sostanziale-del-padre","status":"publish","type":"testo","link":"https:\/\/lucecristiana.org\/devozioni\/verbo-immagine-sostanziale-del-padre\/","title":{"rendered":"Verbo Immagine sostanziale del Padre"},"content":{"rendered":"<p>Ci rivolgiamo a Te, Verbo Immagine sostanziale del Padre Presenza universale ed eterna che sei principio e centro di tutte le cose e tutte le raccogli in Te con la fortezza della divina onnipotenza e la soavit\u00e0 della divina misericordia.<\/p>\n<p>In Te, Verbo fatto carne la verit\u00e0 ha tutto il calore e la vitalit\u00e0 dell\u2019amore l\u2019amore ha tutta la luce della verit\u00e0.<\/p>\n<p>Signore, vieni perch\u00e9 la verit\u00e0, che tu sei diventi la nostra verit\u00e0 nella comunione amorosa della vita e ti possa gustare il nostro cuore possa penetrare con gioia la tua ricchezza che annunzia e rivela il Padre.<\/p>\n<p>Sia la nostra vita un camminare verso lo stesso Mistero da cui tu sei partito Sapienza che ritorni nel seno del Padre, con il sapore e l\u2019esperienza che al tuo mistero offriamo noi, con il peso della nostra vita da te redenta.<\/p>\n<p>E in questo ritorno il mistero della tua Incarnazione \u00e8 completo.<\/p>\n","protected":false},"featured_media":8789,"template":"","class_list":["post-8872","testo","type-testo","status-publish","has-post-thumbnail","hentry"],"_links":{"self":[{"href":"https:\/\/lucecristiana.org\/devozioni\/wp-json\/wp\/v2\/testo\/8872","targetHints":{"allow":["GET"]}}],"collection":[{"href":"https:\/\/lucecristiana.org\/devozioni\/wp-json\/wp\/v2\/testo"}],"about":[{"href":"https:\/\/lucecristiana.org\/devozioni\/wp-json\/wp\/v2\/types\/testo"}],"wp:featuredmedia":[{"embeddable":true,"href":"https:\/\/lucecristiana.org\/devozioni\/wp-json\/wp\/v2\/media\/8789"}],"wp:attachment":[{"href":"https:\/\/lucecristiana.org\/devozioni\/wp-json\/wp\/v2\/media?parent=8872"}],"curies":[{"name":"wp","href":"https:\/\/api.w.org\/{rel}","templated":true}]}}

<p>Ci rivolgiamo a Te, Verbo Immagine sostanziale del Padre Presenza universale ed eterna che sei principio e centro di tutte le cose e tutte le raccogli in Te con la fortezza della divina onnipotenza e la soavità della divina misericordia.</p>
<p>In Te, Verbo fatto carne la verità ha tutto il calore e la vitalità dell’amore l’amore ha tutta la luce della verità.</p>
<p>Signore, vieni perché la verità, che tu sei diventi la nostra verità nella comunione amorosa della vita e ti possa gustare il nostro cuore possa penetrare con gioia la tua ricchezza che annunzia e rivela il Padre.</p>
<p>Sia la nostra vita un camminare verso lo stesso Mistero da cui tu sei partito Sapienza che ritorni nel seno del Padre, con il sapore e l’esperienza che al tuo mistero offriamo noi, con il peso della nostra vita da te redenta.</p>
<p>E in questo ritorno il mistero della tua Incarnazione è completo.</p>
