{"id":7903,"date":"2021-01-20T15:38:01","date_gmt":"2021-01-20T14:38:01","guid":{"rendered":"https:\/\/www.lucecristiana.it\/?post_type=raccolta&#038;p=7903"},"modified":"2026-02-15T14:42:12","modified_gmt":"2026-02-15T14:42:12","slug":"le-tre-ave-marie","status":"publish","type":"testo","link":"https:\/\/lucecristiana.org\/devozioni\/le-tre-ave-marie\/","title":{"rendered":"Le tre Ave Marie"},"content":{"rendered":"<p>Si tratta di una preghiera ormai quasi del tutto dimenticata, in modo particolare fra i giovani. E&#8217; una pratica, di grande semplicit\u00e0, quella semplicit\u00e0 che pu\u00f2 venire solo dalla nostra amatissima Mamma. Pratichiamola con il cuore e confidiamo nella nostra dolcissima Avvocata.<br \/>\nSanta Matilde di Hackeborn, monaca benedettina, pensando con timore al momento della sua morte, pregava la Madonna di assisterla in quel momento.<\/p>\n<p>Immancabilmente nostra Madre rispose al cuore di Santa Matilde:<\/p>\n<p>Si, far\u00f2 quello che tu domandi, figlia mia, per\u00f2 ti chiedo di recitare ogni giorno Tre Ave Maria: la prima per ringraziare l&#8217;Eterno Padre per avermi resa onnipotente in Cielo e in terra; la seconda per onorare il Figlio di Dio per avermi dato tale scienza e sapienza da sorpassare quella di tutti i Santi e di tutti gli Angeli; la terza per onorare la Spirito Santo per avermi fatta, dopo Dio, la pi\u00f9 misericordiosa.<\/p>\n<p>Questa pratica divent\u00f2 universale quando il pontefice Leone XIII concesse indulgenze e prescrisse che il celebrante recitasse con il popolo le Tre Ave Maria dopo la S. Messa. La prescrizione purtroppo cess\u00f2 con il Concilio Vaticano II\u00b0.<\/p>\n<p>Molti furono ne furono i Santi che sostennero questa pratica e ne propagarono la diffusione: Sant&#8217;Alfonso Maria de Liguori, S. Gerardo della Maiella.<br \/>\nSan Giovanni Bosco la raccomandava vivamente ai suoi giovani ed anche San Pio ne fu uno zelante propagatore.<\/p>\n<p>E&#8217; molto semplice, basta pregare cos\u00ec la mattina o la sera (meglio mattina e sera) :<\/p>\n<p>O Maria, madre di Ges\u00f9 e Madre mia, difendimi da maligno in vita e nell&#8217;ora della morte,<\/p>\n<p>per il Potere che ti ha concesso l&#8217;Eterno Padre &#8211; Ave Maria<\/p>\n<p>per la Sapienza che ti ha concesso il divin Figlio &#8211; Ave Maria<\/p>\n<p>per l&#8217;Amore che ti ha concesso la Spirito Santo &#8211; Ave Maria .<\/p>\n<p>Amen<\/p>\n","protected":false},"featured_media":7827,"template":"","class_list":["post-7903","testo","type-testo","status-publish","has-post-thumbnail","hentry"],"_links":{"self":[{"href":"https:\/\/lucecristiana.org\/devozioni\/wp-json\/wp\/v2\/testo\/7903","targetHints":{"allow":["GET"]}}],"collection":[{"href":"https:\/\/lucecristiana.org\/devozioni\/wp-json\/wp\/v2\/testo"}],"about":[{"href":"https:\/\/lucecristiana.org\/devozioni\/wp-json\/wp\/v2\/types\/testo"}],"wp:featuredmedia":[{"embeddable":true,"href":"https:\/\/lucecristiana.org\/devozioni\/wp-json\/wp\/v2\/media\/7827"}],"wp:attachment":[{"href":"https:\/\/lucecristiana.org\/devozioni\/wp-json\/wp\/v2\/media?parent=7903"}],"curies":[{"name":"wp","href":"https:\/\/api.w.org\/{rel}","templated":true}]}}

<p>Si tratta di una preghiera ormai quasi del tutto dimenticata, in modo particolare fra i giovani. E&#8217; una pratica, di grande semplicità, quella semplicità che può venire solo dalla nostra amatissima Mamma. Pratichiamola con il cuore e confidiamo nella nostra dolcissima Avvocata.<br />
Santa Matilde di Hackeborn, monaca benedettina, pensando con timore al momento della sua morte, pregava la Madonna di assisterla in quel momento.</p>
<p>Immancabilmente nostra Madre rispose al cuore di Santa Matilde:</p>
<p>Si, farò quello che tu domandi, figlia mia, però ti chiedo di recitare ogni giorno Tre Ave Maria: la prima per ringraziare l&#8217;Eterno Padre per avermi resa onnipotente in Cielo e in terra; la seconda per onorare il Figlio di Dio per avermi dato tale scienza e sapienza da sorpassare quella di tutti i Santi e di tutti gli Angeli; la terza per onorare la Spirito Santo per avermi fatta, dopo Dio, la più misericordiosa.</p>
<p>Questa pratica diventò universale quando il pontefice Leone XIII concesse indulgenze e prescrisse che il celebrante recitasse con il popolo le Tre Ave Maria dopo la S. Messa. La prescrizione purtroppo cessò con il Concilio Vaticano II°.</p>
<p>Molti furono ne furono i Santi che sostennero questa pratica e ne propagarono la diffusione: Sant&#8217;Alfonso Maria de Liguori, S. Gerardo della Maiella.<br />
San Giovanni Bosco la raccomandava vivamente ai suoi giovani ed anche San Pio ne fu uno zelante propagatore.</p>
<p>E&#8217; molto semplice, basta pregare così la mattina o la sera (meglio mattina e sera) :</p>
<p>O Maria, madre di Gesù e Madre mia, difendimi da maligno in vita e nell&#8217;ora della morte,</p>
<p>per il Potere che ti ha concesso l&#8217;Eterno Padre &#8211; Ave Maria</p>
<p>per la Sapienza che ti ha concesso il divin Figlio &#8211; Ave Maria</p>
<p>per l&#8217;Amore che ti ha concesso la Spirito Santo &#8211; Ave Maria .</p>
<p>Amen</p>
