{"id":1610,"date":"2020-04-07T08:30:00","date_gmt":"2020-03-31T17:48:32","guid":{"rendered":"http:\/\/lucecristiana.it\/?post_type=risen_event&#038;p=1610"},"modified":"2026-02-15T14:39:06","modified_gmt":"2026-02-15T14:39:06","slug":"novena-a-santa-chiara-dassisi","status":"publish","type":"dettaglio-novena","link":"https:\/\/lucecristiana.org\/devozioni\/novena-a-santa-chiara-dassisi\/","title":{"rendered":"Novena a Santa Chiara d&#8217;Assisi"},"content":{"rendered":"<p><strong>Recita con amore la Novena a Santa Chiara d&#8217;Assisi<\/strong><\/p>\n<p>Da recitarsi per i nove giorni<\/p>\n<p><strong>\u00a0<\/strong><\/p>\n<p><em><span style=\"color: #ff0000;\">\u2020 Nel nome del Padre, del Figlio, e dello Spirito Santo.Amen<\/span><\/em><\/p>\n<p style=\"text-align: justify;\">Per quello spirito di penitenza che vi indusse a far costantemente vostra particolare delizia il digiuno pi\u00f9 severo, la povert\u00e0 pi\u00f9 rigorosa e le mortificazioni pi\u00f9 penose e quindi la privazione di tutti i beni, la sofferenza di tutti i mali per consacrarvi interamente all&#8217;amore di Ges\u00f9 Cristo nell&#8217;illustre Ordine da voi istituito, dietro la direzione del vostro Serafico Padre S. Francesco, di cui vestiste s\u00ec bene lo spirito nell&#8217;abbracciarne l&#8217;abito e la regola, impetrate a noi tuoi la grazia, o ammirabile Santa Chiara, di preferire mai sempre l&#8217;abbiezione alla gloria, la povert\u00e0 alle ricchezze, la mortificazione ai piaceri, affine di essere non solo di nome, ma ancora di fatto, fedeli discepoli di Ges\u00f9 Cristo.<\/p>\n<p style=\"text-align: justify;\"><em><span style=\"color: #800000;\">Pater, Ave, Gloria&#8230;<\/span><\/em><\/p>\n<p style=\"text-align: justify;\">Per quella specialissima devozione che aveste a Ges\u00f9 Cristo in Sacramento, onde il trovarvi alla sua presenza e l&#8217;esser tosto rapita in estasi era la medesima cosa, e sebbene amatissima dell&#8217;estrema povert\u00e0, pur voleste sempre, che fosse magnifico ci\u00f2 che servir dovea al santo Altare, e per questo con breve preghiera fatta insieme alle vostre consorelle innanzi all&#8217;Ostia Sacrosanta, cacciaste in precipitosa fuga quei barbari Saraceni i quali gi\u00e0 minacciavano dell&#8217;ultimo sterminio non solo il vostro monastero, ma distruggendo tutta la citt\u00e0 di Assisi; deh! impetrate a noi la grazia, o ammirabile Santa Chiara, di far nostra delizia la visita dei sacri templi, la frequenza dei sacramenti, l&#8217;assistenza ai santi misteri e la devozione pi\u00f9 affettuosa alla santissima Eucaristia, alfine di essere confortati da essa in tutto il tempo della vita e scortati con sicurezza alla beata eternit\u00e0.<\/p>\n<p style=\"text-align: justify;\"><span style=\"color: #800000;\"><em>Pater, Ave, Gloria&#8230;<\/em><\/span><\/p>\n<p style=\"text-align: justify;\"><strong>PREGHIERA A SANTA CHIARA<\/strong><br \/>\nO Chiara, che con la luce della tua vita evangelica rischiarasti l&#8217; orizzonte del tuo secolo, illumina anche noi che, oggi pi\u00f9 che mai, siamo assetati di verit\u00e0 e di vero amore. Con la testimonianza della tua vita, tu hai da dire anche a noi, dopo 7 secoli, una parola di speranza e di fiducia che attinge la sua forza dal Vangelo, verit\u00e0 eterna. Guarda, o Chiara, alle tue figlie che sparse in tutto il mondo vogliono continuare silenziosamente la missione di Maria, Vergine e Madre, nel cenacolo dove sotto il soffio dello Spirito nasceva e si sviluppava la Chiesa. Guarda a tutta la giovent\u00f9 che cerca attraverso le vie pi\u00f9 disparate di realizzare se stessa e guidala verso quella pienezza di vita che solo Cristo ci pu\u00f2 dare. Guarda, o Chiara, anche chi \u00e8 verso il tramonto della vita e fagli sentire che nulla \u00e8 perduto quando ancora rimane il desiderio di ricominciare da capo per fare meglio, per essere pi\u00f9 buoni&#8230; E fa&#8217; , o Chiara, che tutti, quando saremo giunti alla soglia dell&#8217; Eternit\u00e0, possiamo come te benedire Dio che ci ha creato per il suo amore! Amen. Alleluja!<\/p>\n","protected":false},"featured_media":4560,"template":"","class_list":["post-1610","dettaglio-novena","type-dettaglio-novena","status-publish","has-post-thumbnail","hentry"],"_links":{"self":[{"href":"https:\/\/lucecristiana.org\/devozioni\/wp-json\/wp\/v2\/dettaglio-novena\/1610","targetHints":{"allow":["GET"]}}],"collection":[{"href":"https:\/\/lucecristiana.org\/devozioni\/wp-json\/wp\/v2\/dettaglio-novena"}],"about":[{"href":"https:\/\/lucecristiana.org\/devozioni\/wp-json\/wp\/v2\/types\/dettaglio-novena"}],"wp:featuredmedia":[{"embeddable":true,"href":"https:\/\/lucecristiana.org\/devozioni\/wp-json\/wp\/v2\/media\/4560"}],"wp:attachment":[{"href":"https:\/\/lucecristiana.org\/devozioni\/wp-json\/wp\/v2\/media?parent=1610"}],"curies":[{"name":"wp","href":"https:\/\/api.w.org\/{rel}","templated":true}]}}

<p><strong>Recita con amore la Novena a Santa Chiara d&#8217;Assisi</strong></p>
<p>Da recitarsi per i nove giorni</p>
<p><strong> </strong></p>
<p><em><span style="color: #ff0000;">† Nel nome del Padre, del Figlio, e dello Spirito Santo.Amen</span></em></p>
<p style="text-align: justify;">Per quello spirito di penitenza che vi indusse a far costantemente vostra particolare delizia il digiuno più severo, la povertà più rigorosa e le mortificazioni più penose e quindi la privazione di tutti i beni, la sofferenza di tutti i mali per consacrarvi interamente all&#8217;amore di Gesù Cristo nell&#8217;illustre Ordine da voi istituito, dietro la direzione del vostro Serafico Padre S. Francesco, di cui vestiste sì bene lo spirito nell&#8217;abbracciarne l&#8217;abito e la regola, impetrate a noi tuoi la grazia, o ammirabile Santa Chiara, di preferire mai sempre l&#8217;abbiezione alla gloria, la povertà alle ricchezze, la mortificazione ai piaceri, affine di essere non solo di nome, ma ancora di fatto, fedeli discepoli di Gesù Cristo.</p>
<p style="text-align: justify;"><em><span style="color: #800000;">Pater, Ave, Gloria&#8230;</span></em></p>
<p style="text-align: justify;">Per quella specialissima devozione che aveste a Gesù Cristo in Sacramento, onde il trovarvi alla sua presenza e l&#8217;esser tosto rapita in estasi era la medesima cosa, e sebbene amatissima dell&#8217;estrema povertà, pur voleste sempre, che fosse magnifico ciò che servir dovea al santo Altare, e per questo con breve preghiera fatta insieme alle vostre consorelle innanzi all&#8217;Ostia Sacrosanta, cacciaste in precipitosa fuga quei barbari Saraceni i quali già minacciavano dell&#8217;ultimo sterminio non solo il vostro monastero, ma distruggendo tutta la città di Assisi; deh! impetrate a noi la grazia, o ammirabile Santa Chiara, di far nostra delizia la visita dei sacri templi, la frequenza dei sacramenti, l&#8217;assistenza ai santi misteri e la devozione più affettuosa alla santissima Eucaristia, alfine di essere confortati da essa in tutto il tempo della vita e scortati con sicurezza alla beata eternità.</p>
<p style="text-align: justify;"><span style="color: #800000;"><em>Pater, Ave, Gloria&#8230;</em></span></p>
<p style="text-align: justify;"><strong>PREGHIERA A SANTA CHIARA</strong><br />
O Chiara, che con la luce della tua vita evangelica rischiarasti l&#8217; orizzonte del tuo secolo, illumina anche noi che, oggi più che mai, siamo assetati di verità e di vero amore. Con la testimonianza della tua vita, tu hai da dire anche a noi, dopo 7 secoli, una parola di speranza e di fiducia che attinge la sua forza dal Vangelo, verità eterna. Guarda, o Chiara, alle tue figlie che sparse in tutto il mondo vogliono continuare silenziosamente la missione di Maria, Vergine e Madre, nel cenacolo dove sotto il soffio dello Spirito nasceva e si sviluppava la Chiesa. Guarda a tutta la gioventù che cerca attraverso le vie più disparate di realizzare se stessa e guidala verso quella pienezza di vita che solo Cristo ci può dare. Guarda, o Chiara, anche chi è verso il tramonto della vita e fagli sentire che nulla è perduto quando ancora rimane il desiderio di ricominciare da capo per fare meglio, per essere più buoni&#8230; E fa&#8217; , o Chiara, che tutti, quando saremo giunti alla soglia dell&#8217; Eternità, possiamo come te benedire Dio che ci ha creato per il suo amore! Amen. Alleluja!</p>
