{"id":1193,"date":"2020-04-07T08:30:00","date_gmt":"2020-04-06T02:51:46","guid":{"rendered":"http:\/\/lucecristiana.it\/?post_type=risen_event&#038;p=1193"},"modified":"2026-02-15T14:39:07","modified_gmt":"2026-02-15T14:39:07","slug":"novena-a-san-pietro-da-verona","status":"publish","type":"dettaglio-novena","link":"https:\/\/lucecristiana.org\/devozioni\/novena-a-san-pietro-da-verona\/","title":{"rendered":"Novena a San Pietro da Verona"},"content":{"rendered":"<p><strong>Recita con amore la novena\u00a0a\u00a0San Pietro da Verona<\/strong><\/p>\n<p>Da recitarsi per i nove giorni<\/p>\n<p><em><span style=\"color: #ff0000;\">\u2020Nel nome del Padre, del Figlio, e dello Spirito Santo.Amen<\/span><\/em><\/p>\n<p>&nbsp;<\/p>\n<p><span style=\"color: #99cc00;\">I<\/span>. Glorioso martire s. Pietro, che vi teneste sempre saldo nella confessione della fede, malgrado tutti gli sforzi dei vostri stessi parenti per farvi abbracciar l\u2019eresia, ottenete a noi tutti la grazia di perseverare nella credenza d\u2019 ogni cattolica verit\u00e0, e di conformare alla medesima i nostri pensieri, i nostri discorsi, le nostre opere in tutto il tempo di nostra vita.<\/p>\n<p><em><span style=\"color: #800000;\">Gloria al Padre al Figlio e allo Spirito Santo come era in principio ora e sempre nei secoli dei secoli.<\/span><\/em><br \/>\n<span style=\"color: #99cc00;\">II<\/span>. Glorioso martire s. Pietro, che, posto in mozzo agli scandali della giovent\u00f9 la pi\u00f9 discola, vi conservaste mai sempre puro od illibato di mente, di cuore e di costume, ottenete a noi tutti la grazia di non declinare giammai dalla strada della virt\u00f9, malgrado tutti i cattivi esempi del mondo corrotto e corrompitore.<\/p>\n<p><em><span style=\"color: #800000;\">Gloria al Padre al Figlio e allo Spirito Santo come era in principio ora e sempre nei secoli dei secoli.<\/span><\/em><\/p>\n<p>&nbsp;<\/p>\n<p><span style=\"color: #99cc00;\">III<\/span>. Glorioso martire s. Pietro, che poi vostri rari talenti e prodigiosi progressi nella carriera degli studi non vi serviste che per avanzarvi continuamente nella scienza della salute, ottenete a noi tutti la grazia di crescere sempre nella cognizione dei nostri peccati per piangerli, dei nostri doveri per adempirli, della giustizia e bont\u00e0 di Dio per temerlo ed amarlo sopra ogni cosa.<\/p>\n<p><em><span style=\"color: #800000;\">Gloria al Padre al Figlio e allo Spirito Santo come era in principio ora e sempre nei secoli dei secoli.<\/span><\/em><\/p>\n<p>&nbsp;<\/p>\n<p><span style=\"color: #99cc00;\">IV<\/span>. Glorioso martire s. Pietro, che, preferendo agli onori ed alle ricchezze del secolo la povert\u00e0 e il ritiro del chiostro, fino dai primi giorni del vostro noviziato nell\u2019ordine dei Predicatori, diveniste il modello dei pi\u00f9 provetti nella via della santit\u00e0, ottenete a noi tutti la grazia di precedere sempre i nostri fratelli nella pratica della virt\u00f9, e di riparare col nostro fervore la nostra antica tiepidezza e la nostra passata incostanza.<\/p>\n<p><em><span style=\"color: #800000;\">Gloria al Padre al Figlio e allo Spirito Santo come era in principio ora e sempre nei secoli dei secoli.<\/span><\/em><\/p>\n<p>&nbsp;<\/p>\n<p><span style=\"color: #99cc00;\">V<\/span>. Glorioso martire s. Pietro, che faceste vostra delizia le preghiere, le vigilie, i digiuni e tutti quanti gli esercizi della pi\u00f9 austera penitenza, ottenete a noi tutti la grazia di mortificare per modo la nostra volont\u00e0 e i nostri sentimenti che non abbia mai la carne a trionfare dello spirito, n\u00e8 a prevalere contro di noi chiunque cerca la nostra rovina.<\/p>\n<p><em><span style=\"color: #800000;\">Gloria al Padre al Figlio e allo Spirito Santo come era in principio ora e sempre nei secoli dei secoli.<\/span><\/em><br \/>\n<span style=\"color: #99cc00;\">VI<\/span>. Glorioso martire s. Pietro, che, disonorato dalla pi\u00f9 atroce calunnia, lungi dal difendervi, dal querelarvi, sosteneste in pace la sospensione dall\u2019apostolico ministero e la prigionia di pi\u00f9 mesi, risoluto di rimaner fino alla morte in quello stato di umiliazione se Dio stesso non avesse prodigiosamente manifestata la vostra innocenza, ottenete a noi tutti la grazia di sostener con pazienza e con rassegnazione, non solo le infermit\u00e0, le disgrazie e tutti gli incomodi di questa vita, ma ancora le calunnie, le maldicenze e le pi\u00f9 ingiuste persecuzioni, confortandoci nella speranza d\u00ec essere poi tanto pi\u00f9 glorificati nell\u2019eternit\u00e0, quanto maggiore sar\u00e0 stata la nostra umiliazione nel tempo.<\/p>\n<p><em><span style=\"color: #800000;\">Gloria al Padre al Figlio e allo Spirito Santo come era in principio ora e sempre nei secoli dei\u00a0secoli.<\/span><\/em><\/p>\n<p>&nbsp;<\/p>\n<p><span style=\"color: #99cc00;\">VII<\/span>. Glorioso martire s. Pietro, che colla predicazione la pi\u00f9 eloquente, collo zelo il pi\u00f9 operoso, coi prodigi i pi\u00f9 stupendi, e finalmente colla morte intrepidamente sostenuta per la verit\u00e0 della fede, umiliando e confondendo tutti i nemici della cattolica Religione, purgaste tutta l\u2019Italia dal veleno dell\u2019eresia, e la rendeste feconda de\u2019 pi\u00f9 preziosi frutti di santit\u00e0, ottenete a noi tutti la grazia di zelar sempre la causa del nostro Dio, onde confondere almeno colla santit\u00e0 della nostra condotta, tutti coloro che lo bestemmiano, e cos\u00ec un giorno partecipare alla vostra gloria nel cielo, dopo essere stati fedeli imitatori dello vostre virt\u00f9 sulla terra.<\/p>\n<p><em><span style=\"color: #800000;\">Gloria al Padre al Figlio e allo Spirito Santo come era in principio ora e sempre nei secoli dei secoli.<\/span><\/em><\/p>\n","protected":false},"featured_media":4603,"template":"","class_list":["post-1193","dettaglio-novena","type-dettaglio-novena","status-publish","has-post-thumbnail","hentry"],"_links":{"self":[{"href":"https:\/\/lucecristiana.org\/devozioni\/wp-json\/wp\/v2\/dettaglio-novena\/1193","targetHints":{"allow":["GET"]}}],"collection":[{"href":"https:\/\/lucecristiana.org\/devozioni\/wp-json\/wp\/v2\/dettaglio-novena"}],"about":[{"href":"https:\/\/lucecristiana.org\/devozioni\/wp-json\/wp\/v2\/types\/dettaglio-novena"}],"wp:featuredmedia":[{"embeddable":true,"href":"https:\/\/lucecristiana.org\/devozioni\/wp-json\/wp\/v2\/media\/4603"}],"wp:attachment":[{"href":"https:\/\/lucecristiana.org\/devozioni\/wp-json\/wp\/v2\/media?parent=1193"}],"curies":[{"name":"wp","href":"https:\/\/api.w.org\/{rel}","templated":true}]}}

<p><strong>Recita con amore la novena a San Pietro da Verona</strong></p>
<p>Da recitarsi per i nove giorni</p>
<p><em><span style="color: #ff0000;">†Nel nome del Padre, del Figlio, e dello Spirito Santo.Amen</span></em></p>
<p>&nbsp;</p>
<p><span style="color: #99cc00;">I</span>. Glorioso martire s. Pietro, che vi teneste sempre saldo nella confessione della fede, malgrado tutti gli sforzi dei vostri stessi parenti per farvi abbracciar l’eresia, ottenete a noi tutti la grazia di perseverare nella credenza d’ ogni cattolica verità, e di conformare alla medesima i nostri pensieri, i nostri discorsi, le nostre opere in tutto il tempo di nostra vita.</p>
<p><em><span style="color: #800000;">Gloria al Padre al Figlio e allo Spirito Santo come era in principio ora e sempre nei secoli dei secoli.</span></em><br />
<span style="color: #99cc00;">II</span>. Glorioso martire s. Pietro, che, posto in mozzo agli scandali della gioventù la più discola, vi conservaste mai sempre puro od illibato di mente, di cuore e di costume, ottenete a noi tutti la grazia di non declinare giammai dalla strada della virtù, malgrado tutti i cattivi esempi del mondo corrotto e corrompitore.</p>
<p><em><span style="color: #800000;">Gloria al Padre al Figlio e allo Spirito Santo come era in principio ora e sempre nei secoli dei secoli.</span></em></p>
<p>&nbsp;</p>
<p><span style="color: #99cc00;">III</span>. Glorioso martire s. Pietro, che poi vostri rari talenti e prodigiosi progressi nella carriera degli studi non vi serviste che per avanzarvi continuamente nella scienza della salute, ottenete a noi tutti la grazia di crescere sempre nella cognizione dei nostri peccati per piangerli, dei nostri doveri per adempirli, della giustizia e bontà di Dio per temerlo ed amarlo sopra ogni cosa.</p>
<p><em><span style="color: #800000;">Gloria al Padre al Figlio e allo Spirito Santo come era in principio ora e sempre nei secoli dei secoli.</span></em></p>
<p>&nbsp;</p>
<p><span style="color: #99cc00;">IV</span>. Glorioso martire s. Pietro, che, preferendo agli onori ed alle ricchezze del secolo la povertà e il ritiro del chiostro, fino dai primi giorni del vostro noviziato nell’ordine dei Predicatori, diveniste il modello dei più provetti nella via della santità, ottenete a noi tutti la grazia di precedere sempre i nostri fratelli nella pratica della virtù, e di riparare col nostro fervore la nostra antica tiepidezza e la nostra passata incostanza.</p>
<p><em><span style="color: #800000;">Gloria al Padre al Figlio e allo Spirito Santo come era in principio ora e sempre nei secoli dei secoli.</span></em></p>
<p>&nbsp;</p>
<p><span style="color: #99cc00;">V</span>. Glorioso martire s. Pietro, che faceste vostra delizia le preghiere, le vigilie, i digiuni e tutti quanti gli esercizi della più austera penitenza, ottenete a noi tutti la grazia di mortificare per modo la nostra volontà e i nostri sentimenti che non abbia mai la carne a trionfare dello spirito, nè a prevalere contro di noi chiunque cerca la nostra rovina.</p>
<p><em><span style="color: #800000;">Gloria al Padre al Figlio e allo Spirito Santo come era in principio ora e sempre nei secoli dei secoli.</span></em><br />
<span style="color: #99cc00;">VI</span>. Glorioso martire s. Pietro, che, disonorato dalla più atroce calunnia, lungi dal difendervi, dal querelarvi, sosteneste in pace la sospensione dall’apostolico ministero e la prigionia di più mesi, risoluto di rimaner fino alla morte in quello stato di umiliazione se Dio stesso non avesse prodigiosamente manifestata la vostra innocenza, ottenete a noi tutti la grazia di sostener con pazienza e con rassegnazione, non solo le infermità, le disgrazie e tutti gli incomodi di questa vita, ma ancora le calunnie, le maldicenze e le più ingiuste persecuzioni, confortandoci nella speranza dì essere poi tanto più glorificati nell’eternità, quanto maggiore sarà stata la nostra umiliazione nel tempo.</p>
<p><em><span style="color: #800000;">Gloria al Padre al Figlio e allo Spirito Santo come era in principio ora e sempre nei secoli dei secoli.</span></em></p>
<p>&nbsp;</p>
<p><span style="color: #99cc00;">VII</span>. Glorioso martire s. Pietro, che colla predicazione la più eloquente, collo zelo il più operoso, coi prodigi i più stupendi, e finalmente colla morte intrepidamente sostenuta per la verità della fede, umiliando e confondendo tutti i nemici della cattolica Religione, purgaste tutta l’Italia dal veleno dell’eresia, e la rendeste feconda de’ più preziosi frutti di santità, ottenete a noi tutti la grazia di zelar sempre la causa del nostro Dio, onde confondere almeno colla santità della nostra condotta, tutti coloro che lo bestemmiano, e così un giorno partecipare alla vostra gloria nel cielo, dopo essere stati fedeli imitatori dello vostre virtù sulla terra.</p>
<p><em><span style="color: #800000;">Gloria al Padre al Figlio e allo Spirito Santo come era in principio ora e sempre nei secoli dei secoli.</span></em></p>
