{"id":1189,"date":"2020-04-07T08:30:00","date_gmt":"2019-05-13T03:20:03","guid":{"rendered":"http:\/\/lucecristiana.it\/?post_type=risen_event&#038;p=1189"},"modified":"2026-02-15T14:39:07","modified_gmt":"2026-02-15T14:39:07","slug":"novena-a-san-francesco-di-paola","status":"publish","type":"dettaglio-novena","link":"https:\/\/lucecristiana.org\/devozioni\/novena-a-san-francesco-di-paola\/","title":{"rendered":"Novena a San Francesco di Paola"},"content":{"rendered":"<p><strong>Recita con amore la novena\u00a0a\u00a0San Francesco di Paola<\/strong><\/p>\n<p>Da recitarsi per i nove giorni<\/p>\n<p>&nbsp;<\/p>\n<p><em><span style=\"color: #ff0000;\">\u2020Nel nome del Padre, del Figlio, e dello Spirito Santo.Amen<\/span><\/em><\/p>\n<p>&nbsp;<\/p>\n<p>O glorioso S. Francesco, per i numerosi e stupendi prodigi, che operasti in tutta la tua vita e coi quali hai accresciuto e riaffermato la fede in tutti coloro che s\u2019era spenta, ti preghiamo o gran Santo, di dissipare ogni dubbio ed ombra di questa divina virt\u00f9 e di credere a tutto ci\u00f2 che Dio ci ha rivelato.<\/p>\n<p><em><span style=\"color: #800000;\">Gloria\u2026 \u00a0<\/span><\/em><\/p>\n<p>O caro S. Francesco, vero esempio di penitenza e di astinenza, ti preghiamo: fa che anche noi mortifichiamo i nostri sensi e le nostre cattive inclinazioni e ci rendiamo cos\u00ec graditi a Dio. Gloria\u2026<\/p>\n<p>O glorioso S. Francesco, animato da una grande fede in Dio, nonostante le opposizioni diaboliche, operasti per la gloria di Dio e per la salvezza delle anime. Ottieni dal buon Dio il dono della speranza affinch\u00e9 lottiamo senza stancarci contro i nostri nemici interni ed esterni per meritare la beatitudine celeste, nostro fine.<\/p>\n<p><em><span style=\"color: #800000;\">Gloria\u2026 \u00a0<\/span><\/em><\/p>\n<p>O amabile S. Francesco, miracolo di santit\u00e0, che fosti un padre amorevole per quelli che ricorsero al tuo patrocinio, accogli le suppliche di chi ti invoca con fede, stretto dal bisogno materiale e spirituale.<\/p>\n<p><em><span style=\"color: #800000;\">Gloria&#8230; \u00a0<\/span><\/em><\/p>\n<p>O specchio di penitenza, ogni tuo passo nel mondo fu una consolazione per i bisognosi. Ricorriamo anche noi a te con umile fiducia per avere conforto e salvezza. Parla tu col Signore e con la Madonna, di cui fosti in vita un fervido e amato figlio.<\/p>\n<p><em><span style=\"color: #800000;\">Gloria\u2026 \u00a0<\/span><\/em><\/p>\n<p>O venerato nostro S. Francesco, \u201cCARITAS\u201d \u00e8 il tuo motto: per quella carit\u00e0 che abbell\u00ec tutta la tua vita e che il Signore ti deleg\u00f2 come nostro benefattore, per guarire ogni malattia e per sedare ogni lotta e discordia, aiutaci a vivere come veri fratelli e figli di un Padre comune col cuore libero da ogni avversione.<\/p>\n<p><em><span style=\"color: #800000;\">Gloria\u2026 \u00a0<\/span><\/em><\/p>\n","protected":false},"featured_media":4508,"template":"","class_list":["post-1189","dettaglio-novena","type-dettaglio-novena","status-publish","has-post-thumbnail","hentry"],"_links":{"self":[{"href":"https:\/\/lucecristiana.org\/devozioni\/wp-json\/wp\/v2\/dettaglio-novena\/1189","targetHints":{"allow":["GET"]}}],"collection":[{"href":"https:\/\/lucecristiana.org\/devozioni\/wp-json\/wp\/v2\/dettaglio-novena"}],"about":[{"href":"https:\/\/lucecristiana.org\/devozioni\/wp-json\/wp\/v2\/types\/dettaglio-novena"}],"wp:featuredmedia":[{"embeddable":true,"href":"https:\/\/lucecristiana.org\/devozioni\/wp-json\/wp\/v2\/media\/4508"}],"wp:attachment":[{"href":"https:\/\/lucecristiana.org\/devozioni\/wp-json\/wp\/v2\/media?parent=1189"}],"curies":[{"name":"wp","href":"https:\/\/api.w.org\/{rel}","templated":true}]}}

<p><strong>Recita con amore la novena a San Francesco di Paola</strong></p>
<p>Da recitarsi per i nove giorni</p>
<p>&nbsp;</p>
<p><em><span style="color: #ff0000;">†Nel nome del Padre, del Figlio, e dello Spirito Santo.Amen</span></em></p>
<p>&nbsp;</p>
<p>O glorioso S. Francesco, per i numerosi e stupendi prodigi, che operasti in tutta la tua vita e coi quali hai accresciuto e riaffermato la fede in tutti coloro che s’era spenta, ti preghiamo o gran Santo, di dissipare ogni dubbio ed ombra di questa divina virtù e di credere a tutto ciò che Dio ci ha rivelato.</p>
<p><em><span style="color: #800000;">Gloria…  </span></em></p>
<p>O caro S. Francesco, vero esempio di penitenza e di astinenza, ti preghiamo: fa che anche noi mortifichiamo i nostri sensi e le nostre cattive inclinazioni e ci rendiamo così graditi a Dio. Gloria…</p>
<p>O glorioso S. Francesco, animato da una grande fede in Dio, nonostante le opposizioni diaboliche, operasti per la gloria di Dio e per la salvezza delle anime. Ottieni dal buon Dio il dono della speranza affinché lottiamo senza stancarci contro i nostri nemici interni ed esterni per meritare la beatitudine celeste, nostro fine.</p>
<p><em><span style="color: #800000;">Gloria…  </span></em></p>
<p>O amabile S. Francesco, miracolo di santità, che fosti un padre amorevole per quelli che ricorsero al tuo patrocinio, accogli le suppliche di chi ti invoca con fede, stretto dal bisogno materiale e spirituale.</p>
<p><em><span style="color: #800000;">Gloria&#8230;  </span></em></p>
<p>O specchio di penitenza, ogni tuo passo nel mondo fu una consolazione per i bisognosi. Ricorriamo anche noi a te con umile fiducia per avere conforto e salvezza. Parla tu col Signore e con la Madonna, di cui fosti in vita un fervido e amato figlio.</p>
<p><em><span style="color: #800000;">Gloria…  </span></em></p>
<p>O venerato nostro S. Francesco, “CARITAS” è il tuo motto: per quella carità che abbellì tutta la tua vita e che il Signore ti delegò come nostro benefattore, per guarire ogni malattia e per sedare ogni lotta e discordia, aiutaci a vivere come veri fratelli e figli di un Padre comune col cuore libero da ogni avversione.</p>
<p><em><span style="color: #800000;">Gloria…  </span></em></p>
