{"id":1078,"date":"2020-04-07T08:30:00","date_gmt":"2019-09-23T22:53:03","guid":{"rendered":"http:\/\/lucecristiana.it\/?post_type=risen_event&#038;p=1078"},"modified":"2026-02-15T14:39:05","modified_gmt":"2026-02-15T14:39:05","slug":"novena-a-san-geminiano-da-modena","status":"publish","type":"dettaglio-novena","link":"https:\/\/lucecristiana.org\/devozioni\/novena-a-san-geminiano-da-modena\/","title":{"rendered":"Novena a San Geminiano da Modena"},"content":{"rendered":"<p><strong>Recita con amore la novena a\u00a0San Geminiano da Modena<\/strong><\/p>\n<p>Da recitarsi per i nove giorni<\/p>\n<p style=\"text-align: justify;\"><span style=\"color: #ff0000;\"><em>\u00a0\u2020 Nel nome del Padre, del Figlio, e dello Spirito Santo.Amen<\/em><\/span><\/p>\n<p style=\"text-align: justify;\"><span style=\"color: #99cc00;\">I. <\/span>Ammirabile S. Geminiano, che poi vostro straordinario amore alla povert\u00e0, vi spogliaste ancor giovinetto del vostro patrimonio per darlo ai poveri, ed entrato nella clericale milizia, foste sempre cos\u00ec fedele imitatore del santo modenese vescovo Antonio, da essere dopo la sua morte proclamato a voce unanime suo successore; e sollevato, nonostante la vostra ripugnanza, al trono episcopale, con la vostra dottrina e col vostro esempio giungeste a guadagnare tutte le anime a Dio, convertendo alla fede che ne era ancor lontano, e confermando nella medesima chi gi\u00e0 aveva la sorte di professarla, impetrate a noi tutti la grazia che a vostra imitazione facciamo nostra delizia l\u2019amore alla povert\u00e0, all\u2019obbedienza, alla carit\u00e0 onde, nell\u2019atto di operare la nostra individuale santificazione, procuriamo ancor quella di tutti i nostri fratelli, dacch\u00e8 per guadagnare l\u2019altrui animo alla virt\u00f9 non vi ha mezzo pi\u00f9 sicuro di duello di mostrarne in noi stessi fedele e costante la pratica.<\/p>\n<p style=\"text-align: justify;\"><span style=\"color: #800000;\"><em>\u2020Gloria al Padre al Figlio e allo Spirito Santo come era in principio ora e sempre nei secoli dei secoli.<\/em><\/span><\/p>\n<p style=\"text-align: justify;\"><span style=\"color: #99cc00;\">II.<\/span> Ammirabile s. Geminiano, che per l\u2019eminenza della vostra santit\u00e0, foste cos\u00ec favorito del dono dei miracoli da poter con un segno di croce, o con una breve preghiera, ora fugare i demonii dalle persone o dai luoghi che da gran tempo infestavano, ora sedare le procelle pi\u00f9 spaventose che minacciavano naufragio alla nave che vi trasferiva in Oriente, e di l\u00e0 vi restituiva alla vostra residenza, ora ridonare a perfetta salute gl\u2019infermi pi\u00f9 disperati, e specialmente la figlia dell\u2019imperatore Gioviniano, che a questo intento vi supplic\u00f2 di recarvi nella stessa sua corte in Bisanzio; indi zelando pi\u00f9 ancora della salute dei corpi la preservazione delle animo dal veleno mortifero dell\u2019eresia, vi uniste in Aquileja al gran vescovo s. Ambrogio per difendere insieme con lui cos\u00ec la verginit\u00e0 di Maria, come il pregio della verginit\u00e0 o della astinenza sfacciatamente combattute dal falso monaco Gioviniano gi\u00e0 condannato come eretico dal santo Papa Siricio(397),impetrate a noi tutti la grazia di avanzarci cos\u00ec anche nella via della santit\u00e0 da meritarci sempre speciale la divina assistenza in tutti i nostri bisogni e specialmente di sempre aborrire qualunque errore contrario alla cattolica fede, la quale alla fine \u00e8 nientemeno che quella mistica arca nella quale solo ci \u00e8 dato di poter sperare salute.<\/p>\n<p style=\"text-align: justify;\"><em><span style=\"color: #800000;\">\u2020Gloria al Padre al Figlio e allo Spirito Santo come era in principio ora e sempre nei secoli dei secoli.<\/span><\/em><\/p>\n<p style=\"text-align: justify;\"><span style=\"color: #99cc00;\">III.<\/span> Ammirabile s. Geminiano, che, avendo da servo fedele costantemente vegliato alla difesa e al prosperamento del vostro gregge, vedeste con trasporto di gioia approssimarsi il momento di comparire al cospetto dell\u2019eterno padrone, che vi confort\u00f2 col pane degli Angeli nell\u2019atto di chiamarvi a godere del lor consorzio; per quello specialissimo onore con che egli stesso volle distinguere gli esequiali offici prestati al vostro corpo, facendo che ad essi si rendesse presente nella metropoli dell\u2019estense Ducato il santo vescovo Severo, senza punto dilungarsi dalla sua residenza in Ravenna, e per quell\u2019impegno che spiegarono per il vostro culto e il vostro successore Teodoro, che intitol\u00f2 al vostro nome la basilica che raccoglieva la vostra santissima salma, e il celebre vescovo Dodone che dopo sette secoli (30 Aprile 1206) la trasfer\u00ec con distintissima pompa nella sua Cattedrale, e i Modenesi tutti che sempre vi venerano come il loro pi\u00f9 valido difensore, il loro pi\u00f9 caro patrono, impetrate a noi tutti la grazia che, vivendo sempre a somiglianza di voi, da veri giusti, in tutta la vita presente, ci meritiamo con sicurezza e le vostre consolazioni alla morte, e la partecipazione alla vostra gloria per tutta quanta l\u2019eternit\u00e0. Cos\u00ec sia.<\/p>\n<p style=\"text-align: justify;\"><em><span style=\"color: #800000;\">\u2020Gloria al Padre al Figlio e allo Spirito Santo come era in principio ora e sempre nei secoli dei secoli.<\/span><\/em><\/p>\n","protected":false},"featured_media":4571,"template":"","class_list":["post-1078","dettaglio-novena","type-dettaglio-novena","status-publish","has-post-thumbnail","hentry"],"_links":{"self":[{"href":"https:\/\/lucecristiana.org\/devozioni\/wp-json\/wp\/v2\/dettaglio-novena\/1078","targetHints":{"allow":["GET"]}}],"collection":[{"href":"https:\/\/lucecristiana.org\/devozioni\/wp-json\/wp\/v2\/dettaglio-novena"}],"about":[{"href":"https:\/\/lucecristiana.org\/devozioni\/wp-json\/wp\/v2\/types\/dettaglio-novena"}],"wp:featuredmedia":[{"embeddable":true,"href":"https:\/\/lucecristiana.org\/devozioni\/wp-json\/wp\/v2\/media\/4571"}],"wp:attachment":[{"href":"https:\/\/lucecristiana.org\/devozioni\/wp-json\/wp\/v2\/media?parent=1078"}],"curies":[{"name":"wp","href":"https:\/\/api.w.org\/{rel}","templated":true}]}}

<p><strong>Recita con amore la novena a San Geminiano da Modena</strong></p>
<p>Da recitarsi per i nove giorni</p>
<p style="text-align: justify;"><span style="color: #ff0000;"><em> † Nel nome del Padre, del Figlio, e dello Spirito Santo.Amen</em></span></p>
<p style="text-align: justify;"><span style="color: #99cc00;">I. </span>Ammirabile S. Geminiano, che poi vostro straordinario amore alla povertà, vi spogliaste ancor giovinetto del vostro patrimonio per darlo ai poveri, ed entrato nella clericale milizia, foste sempre così fedele imitatore del santo modenese vescovo Antonio, da essere dopo la sua morte proclamato a voce unanime suo successore; e sollevato, nonostante la vostra ripugnanza, al trono episcopale, con la vostra dottrina e col vostro esempio giungeste a guadagnare tutte le anime a Dio, convertendo alla fede che ne era ancor lontano, e confermando nella medesima chi già aveva la sorte di professarla, impetrate a noi tutti la grazia che a vostra imitazione facciamo nostra delizia l’amore alla povertà, all’obbedienza, alla carità onde, nell’atto di operare la nostra individuale santificazione, procuriamo ancor quella di tutti i nostri fratelli, dacchè per guadagnare l’altrui animo alla virtù non vi ha mezzo più sicuro di duello di mostrarne in noi stessi fedele e costante la pratica.</p>
<p style="text-align: justify;"><span style="color: #800000;"><em>†Gloria al Padre al Figlio e allo Spirito Santo come era in principio ora e sempre nei secoli dei secoli.</em></span></p>
<p style="text-align: justify;"><span style="color: #99cc00;">II.</span> Ammirabile s. Geminiano, che per l’eminenza della vostra santità, foste così favorito del dono dei miracoli da poter con un segno di croce, o con una breve preghiera, ora fugare i demonii dalle persone o dai luoghi che da gran tempo infestavano, ora sedare le procelle più spaventose che minacciavano naufragio alla nave che vi trasferiva in Oriente, e di là vi restituiva alla vostra residenza, ora ridonare a perfetta salute gl’infermi più disperati, e specialmente la figlia dell’imperatore Gioviniano, che a questo intento vi supplicò di recarvi nella stessa sua corte in Bisanzio; indi zelando più ancora della salute dei corpi la preservazione delle animo dal veleno mortifero dell’eresia, vi uniste in Aquileja al gran vescovo s. Ambrogio per difendere insieme con lui così la verginità di Maria, come il pregio della verginità o della astinenza sfacciatamente combattute dal falso monaco Gioviniano già condannato come eretico dal santo Papa Siricio(397),impetrate a noi tutti la grazia di avanzarci così anche nella via della santità da meritarci sempre speciale la divina assistenza in tutti i nostri bisogni e specialmente di sempre aborrire qualunque errore contrario alla cattolica fede, la quale alla fine è nientemeno che quella mistica arca nella quale solo ci è dato di poter sperare salute.</p>
<p style="text-align: justify;"><em><span style="color: #800000;">†Gloria al Padre al Figlio e allo Spirito Santo come era in principio ora e sempre nei secoli dei secoli.</span></em></p>
<p style="text-align: justify;"><span style="color: #99cc00;">III.</span> Ammirabile s. Geminiano, che, avendo da servo fedele costantemente vegliato alla difesa e al prosperamento del vostro gregge, vedeste con trasporto di gioia approssimarsi il momento di comparire al cospetto dell’eterno padrone, che vi confortò col pane degli Angeli nell’atto di chiamarvi a godere del lor consorzio; per quello specialissimo onore con che egli stesso volle distinguere gli esequiali offici prestati al vostro corpo, facendo che ad essi si rendesse presente nella metropoli dell’estense Ducato il santo vescovo Severo, senza punto dilungarsi dalla sua residenza in Ravenna, e per quell’impegno che spiegarono per il vostro culto e il vostro successore Teodoro, che intitolò al vostro nome la basilica che raccoglieva la vostra santissima salma, e il celebre vescovo Dodone che dopo sette secoli (30 Aprile 1206) la trasferì con distintissima pompa nella sua Cattedrale, e i Modenesi tutti che sempre vi venerano come il loro più valido difensore, il loro più caro patrono, impetrate a noi tutti la grazia che, vivendo sempre a somiglianza di voi, da veri giusti, in tutta la vita presente, ci meritiamo con sicurezza e le vostre consolazioni alla morte, e la partecipazione alla vostra gloria per tutta quanta l’eternità. Così sia.</p>
<p style="text-align: justify;"><em><span style="color: #800000;">†Gloria al Padre al Figlio e allo Spirito Santo come era in principio ora e sempre nei secoli dei secoli.</span></em></p>
