{"id":1074,"date":"2020-04-07T08:30:00","date_gmt":"2019-11-05T06:50:13","guid":{"rendered":"http:\/\/lucecristiana.it\/?post_type=risen_event&#038;p=1074"},"modified":"2026-02-15T14:39:05","modified_gmt":"2026-02-15T14:39:05","slug":"novena-a-san-giovanni-bosco","status":"publish","type":"dettaglio-novena","link":"https:\/\/lucecristiana.org\/devozioni\/novena-a-san-giovanni-bosco\/","title":{"rendered":"Novena a San Giovanni Bosco"},"content":{"rendered":"<p><strong>Recita con amore la novena a\u00a0San Giovanni Bosco<\/strong><\/p>\n<p>Per approfondimenti leggi il <a href=\"https:\/\/www.lucecristiana.it\/book\/le-massime-di-don-bosco\/\" target=\"_blank\" rel=\"noopener\">libro in pdf le massime di Don Bosco<\/a><\/p>\n<p>(Ripetere per nove giorni le invocazioni, ognuna seguita da Gloria al Padre.<\/p>\n<p>Si conclude con il Padre nostro e la preghiera finale in fondo alla pagina)<\/p>\n<p>&nbsp;<\/p>\n<p><em><span style=\"color: #ff0000;\">\u2020 Nel nome del Padre, del Figlio, e dello Spirito Santo.Amen<\/span><\/em><\/p>\n<h3>Primo giorno<\/h3>\n<p>O Don Bosco, amante dell&#8217;Eucaristia, ottienici di essere fedeli alla Messa domenicale.<\/p>\n<p><em>Gloria al Padre<\/em><\/p>\n<p><em>Padre nostro<\/em><\/p>\n<p><em>Preghiera finale<\/em><\/p>\n<p>&nbsp;<\/p>\n<h3>Secondo giorno<\/h3>\n<p>O Don Bosco, grande devoto di Maria Ausiliatrice, fa&#8217; che l&#8217;amiamo teneramente.<\/p>\n<p><em>Gloria al Padre<\/em><\/p>\n<p><em>Padre nostro<\/em><\/p>\n<p><em>Preghiera finale<\/em><\/p>\n<p>&nbsp;<\/p>\n<h3>Terzo giorno<\/h3>\n<p>O Don Bosco, hai amato la Chiesa e il Papa, rafforza il nostro proposito di imitarti.<\/p>\n<p><em>Gloria al Padre<\/em><\/p>\n<p><em>Padre nostro<\/em><\/p>\n<p><em>Preghiera finale<\/em><\/p>\n<p>&nbsp;<\/p>\n<h3>Quarto giorno<\/h3>\n<p>O Don Bosco, amico e padre dei giovani, donaci la gioia di amarli come li amavi tu.<\/p>\n<p><em>Gloria al Padre<\/em><\/p>\n<p><em>Padre nostro<\/em><\/p>\n<p><em>Preghiera finale<\/em><\/p>\n<p>&nbsp;<\/p>\n<p>&nbsp;<\/p>\n<h3>Quinto giorno<\/h3>\n<p>O Don Bosco, riempi del tuo spirito di amore i membri delle tue Famiglie Religiose.<\/p>\n<p><em>Gloria al Padre<\/em><\/p>\n<p><em>Padre nostro<\/em><\/p>\n<p><em>Preghiera finale<\/em><\/p>\n<p>&nbsp;<\/p>\n<h3>Sesto giorno<\/h3>\n<p>O Don Bosco, aiuta i Cooperatori Salesiani ad essere buoni cristiani e onesti cittadini.<\/p>\n<p><em>Gloria al Padre<\/em><\/p>\n<p><em>Padre nostro<\/em><\/p>\n<p><em>Preghiera finale<\/em><\/p>\n<p>&nbsp;<\/p>\n<h3>Settimo giorno<\/h3>\n<p>O Don Bosco, dal grande cuore missionario, anima e proteggi i tuoi figli missionari.<\/p>\n<p><em>Gloria al Padre<\/em><\/p>\n<p><em>Padre nostro<\/em><\/p>\n<p><em>Preghiera finale<\/em><\/p>\n<p>&nbsp;<\/p>\n<h3>Ottavo giorno<\/h3>\n<p>O Don Bosco, insegnaci ad amare la virt\u00f9 della purezza dell&#8217;anima e del corpo.<\/p>\n<p><em>Gloria al Padre<\/em><\/p>\n<p><em>Padre nostro<\/em><\/p>\n<p><em>Preghiera finale<\/em><\/p>\n<p>&nbsp;<\/p>\n<h3>Nono giorno<\/h3>\n<p>O Don Bosco, chiedi per noi al Padre tutte le grazie necessarie in vita e in morte.<\/p>\n<p><em>Gloria al Padre<\/em><\/p>\n<p><em>Padre nostro<\/em><\/p>\n<p><em>Preghiera finale<\/em><\/p>\n<p>&nbsp;<\/p>\n<p><strong>Preghiera finale\u00a0<\/strong><\/p>\n<p><em>O Signore misericordioso, nella tua provvidenza ci hai donato San Giovanni Bosco, padre e maestro della giovent\u00f9, che, guidato dalla Vergine Maria, lavor\u00f2 con infaticabile zelo per il bene della Chiesa; suscita anche in noi la stessa fiamma di cant\u00f2, che ci spinga a salvare le anime e servire Te solo.<span style=\"color: #ff0000;\"> Amen\u00a0<\/span><\/em><\/p>\n","protected":false},"featured_media":4465,"template":"","class_list":["post-1074","dettaglio-novena","type-dettaglio-novena","status-publish","has-post-thumbnail","hentry"],"_links":{"self":[{"href":"https:\/\/lucecristiana.org\/devozioni\/wp-json\/wp\/v2\/dettaglio-novena\/1074","targetHints":{"allow":["GET"]}}],"collection":[{"href":"https:\/\/lucecristiana.org\/devozioni\/wp-json\/wp\/v2\/dettaglio-novena"}],"about":[{"href":"https:\/\/lucecristiana.org\/devozioni\/wp-json\/wp\/v2\/types\/dettaglio-novena"}],"wp:featuredmedia":[{"embeddable":true,"href":"https:\/\/lucecristiana.org\/devozioni\/wp-json\/wp\/v2\/media\/4465"}],"wp:attachment":[{"href":"https:\/\/lucecristiana.org\/devozioni\/wp-json\/wp\/v2\/media?parent=1074"}],"curies":[{"name":"wp","href":"https:\/\/api.w.org\/{rel}","templated":true}]}}

<p><strong>Recita con amore la novena a San Giovanni Bosco</strong></p>
<p>Per approfondimenti leggi il <a href="https://www.lucecristiana.it/book/le-massime-di-don-bosco/" target="_blank" rel="noopener">libro in pdf le massime di Don Bosco</a></p>
<p>(Ripetere per nove giorni le invocazioni, ognuna seguita da Gloria al Padre.</p>
<p>Si conclude con il Padre nostro e la preghiera finale in fondo alla pagina)</p>
<p>&nbsp;</p>
<p><em><span style="color: #ff0000;">† Nel nome del Padre, del Figlio, e dello Spirito Santo.Amen</span></em></p>
<h3>Primo giorno</h3>
<p>O Don Bosco, amante dell&#8217;Eucaristia, ottienici di essere fedeli alla Messa domenicale.</p>
<p><em>Gloria al Padre</em></p>
<p><em>Padre nostro</em></p>
<p><em>Preghiera finale</em></p>
<p>&nbsp;</p>
<h3>Secondo giorno</h3>
<p>O Don Bosco, grande devoto di Maria Ausiliatrice, fa&#8217; che l&#8217;amiamo teneramente.</p>
<p><em>Gloria al Padre</em></p>
<p><em>Padre nostro</em></p>
<p><em>Preghiera finale</em></p>
<p>&nbsp;</p>
<h3>Terzo giorno</h3>
<p>O Don Bosco, hai amato la Chiesa e il Papa, rafforza il nostro proposito di imitarti.</p>
<p><em>Gloria al Padre</em></p>
<p><em>Padre nostro</em></p>
<p><em>Preghiera finale</em></p>
<p>&nbsp;</p>
<h3>Quarto giorno</h3>
<p>O Don Bosco, amico e padre dei giovani, donaci la gioia di amarli come li amavi tu.</p>
<p><em>Gloria al Padre</em></p>
<p><em>Padre nostro</em></p>
<p><em>Preghiera finale</em></p>
<p>&nbsp;</p>
<p>&nbsp;</p>
<h3>Quinto giorno</h3>
<p>O Don Bosco, riempi del tuo spirito di amore i membri delle tue Famiglie Religiose.</p>
<p><em>Gloria al Padre</em></p>
<p><em>Padre nostro</em></p>
<p><em>Preghiera finale</em></p>
<p>&nbsp;</p>
<h3>Sesto giorno</h3>
<p>O Don Bosco, aiuta i Cooperatori Salesiani ad essere buoni cristiani e onesti cittadini.</p>
<p><em>Gloria al Padre</em></p>
<p><em>Padre nostro</em></p>
<p><em>Preghiera finale</em></p>
<p>&nbsp;</p>
<h3>Settimo giorno</h3>
<p>O Don Bosco, dal grande cuore missionario, anima e proteggi i tuoi figli missionari.</p>
<p><em>Gloria al Padre</em></p>
<p><em>Padre nostro</em></p>
<p><em>Preghiera finale</em></p>
<p>&nbsp;</p>
<h3>Ottavo giorno</h3>
<p>O Don Bosco, insegnaci ad amare la virtù della purezza dell&#8217;anima e del corpo.</p>
<p><em>Gloria al Padre</em></p>
<p><em>Padre nostro</em></p>
<p><em>Preghiera finale</em></p>
<p>&nbsp;</p>
<h3>Nono giorno</h3>
<p>O Don Bosco, chiedi per noi al Padre tutte le grazie necessarie in vita e in morte.</p>
<p><em>Gloria al Padre</em></p>
<p><em>Padre nostro</em></p>
<p><em>Preghiera finale</em></p>
<p>&nbsp;</p>
<p><strong>Preghiera finale </strong></p>
<p><em>O Signore misericordioso, nella tua provvidenza ci hai donato San Giovanni Bosco, padre e maestro della gioventù, che, guidato dalla Vergine Maria, lavorò con infaticabile zelo per il bene della Chiesa; suscita anche in noi la stessa fiamma di cantò, che ci spinga a salvare le anime e servire Te solo.<span style="color: #ff0000;"> Amen </span></em></p>
