{"id":519,"date":"2020-07-31T14:35:25","date_gmt":"2020-07-31T14:35:25","guid":{"rendered":"https:\/\/catechismochiesacattolica.it\/?post_type=pagine&#038;p=519"},"modified":"2022-04-22T13:52:15","modified_gmt":"2022-04-22T11:52:15","slug":"capitolo-secondo-2","status":"publish","type":"pagine","link":"https:\/\/lucecristiana.org\/catechismo\/indice-generale\/parte-terza\/sezione-prima-2\/capitolo-secondo-2\/","title":{"rendered":"Capitolo secondo"},"content":{"rendered":"<h3><span style=\"font-size: large;\">CAPITOLO SECONDO<\/span><\/h3>\n<h4><span style=\"font-size: large;\">LA COMUNIT\u00c0 UMANA<\/span><\/h4>\n<p><b>1877<\/b><i> <\/i>La vocazione dell&#8217;umanit\u00e0 \u00e8 di rendere manifesta l&#8217;immagine di Dio e di essere trasformata ad immagine del Figlio unigenito del Padre. Tale vocazione riveste una forma personale, poich\u00e9 ciascuno \u00e8 chiamato ad entrare nella beatitudine divina; ma riguarda anche la comunit\u00e0 umana nel suo insieme.<\/p>\n","protected":false},"excerpt":{"rendered":"<p>CAPITOLO SECONDO LA COMUNIT\u00c0 UMANA 1877 La vocazione dell&#8217;umanit\u00e0 \u00e8 di rendere manifesta l&#8217;immagine di Dio e di essere trasformata ad immagine del Figlio unigenito del Padre. Tale vocazione riveste&hellip;<\/p>\n","protected":false},"author":2,"featured_media":13523,"parent":497,"menu_order":0,"comment_status":"closed","ping_status":"closed","template":"","format":"standard","meta":{"footnotes":""},"categories":[1],"class_list":["post-519","pagine","type-pagine","status-publish","format-standard","has-post-thumbnail","hentry","category-senza-categoria"],"_links":{"self":[{"href":"https:\/\/lucecristiana.org\/catechismo\/wp-json\/wp\/v2\/pagine\/519","targetHints":{"allow":["GET"]}}],"collection":[{"href":"https:\/\/lucecristiana.org\/catechismo\/wp-json\/wp\/v2\/pagine"}],"about":[{"href":"https:\/\/lucecristiana.org\/catechismo\/wp-json\/wp\/v2\/types\/pagine"}],"author":[{"embeddable":true,"href":"https:\/\/lucecristiana.org\/catechismo\/wp-json\/wp\/v2\/users\/2"}],"replies":[{"embeddable":true,"href":"https:\/\/lucecristiana.org\/catechismo\/wp-json\/wp\/v2\/comments?post=519"}],"version-history":[{"count":0,"href":"https:\/\/lucecristiana.org\/catechismo\/wp-json\/wp\/v2\/pagine\/519\/revisions"}],"up":[{"embeddable":true,"href":"https:\/\/lucecristiana.org\/catechismo\/wp-json\/wp\/v2\/pagine\/497"}],"wp:featuredmedia":[{"embeddable":true,"href":"https:\/\/lucecristiana.org\/catechismo\/wp-json\/wp\/v2\/media\/13523"}],"wp:attachment":[{"href":"https:\/\/lucecristiana.org\/catechismo\/wp-json\/wp\/v2\/media?parent=519"}],"wp:term":[{"taxonomy":"category","embeddable":true,"href":"https:\/\/lucecristiana.org\/catechismo\/wp-json\/wp\/v2\/categories?post=519"}],"curies":[{"name":"wp","href":"https:\/\/api.w.org\/{rel}","templated":true}]}}

<h3><span style="font-size: large;">CAPITOLO SECONDO</span></h3>
<h4><span style="font-size: large;">LA COMUNITÀ UMANA</span></h4>
<p><b>1877</b><i> </i>La vocazione dell&#8217;umanità è di rendere manifesta l&#8217;immagine di Dio e di essere trasformata ad immagine del Figlio unigenito del Padre. Tale vocazione riveste una forma personale, poiché ciascuno è chiamato ad entrare nella beatitudine divina; ma riguarda anche la comunità umana nel suo insieme.</p>

<p>CAPITOLO SECONDO LA COMUNITÀ UMANA 1877 La vocazione dell&#8217;umanità è di rendere manifesta l&#8217;immagine di Dio e di essere trasformata ad immagine del Figlio unigenito del Padre. Tale vocazione riveste&hellip;</p>
