{"id":335,"date":"2020-07-29T14:37:57","date_gmt":"2020-07-29T14:37:57","guid":{"rendered":"https:\/\/catechismochiesacattolica.it\/?post_type=pagine&#038;p=335"},"modified":"2022-04-22T13:52:19","modified_gmt":"2022-04-22T11:52:19","slug":"capitolo-primo-2","status":"publish","type":"pagine","link":"https:\/\/lucecristiana.org\/catechismo\/indice-generale\/parte-prima\/sezione-seconda\/capitolo-primo-2\/","title":{"rendered":"Capitolo primo"},"content":{"rendered":"<p align=\"left\"><b>198<\/b><i> <\/i>La nostra professione di fede incomincia con Dio, perch\u00e9 Dio \u00e8 \u00ab il primo e l&#8217;ultimo \u00bb (<i>Is <\/i>44,6), il principio e la fine di tutto. Il Credo incomincia con Dio <i>Padre<\/i>, perch\u00e9 il Padre \u00e8 la prima Persona divina della Santissima Trinit\u00e0. Il nostro Simbolo incomincia con la creazione del cielo e della terra, perch\u00e9 la creazione \u00e8 l&#8217;inizio e il fondamento di tutte le opere di Dio.<\/p>\n","protected":false},"excerpt":{"rendered":"<p>198 La nostra professione di fede incomincia con Dio, perch\u00e9 Dio \u00e8 \u00ab il primo e l&#8217;ultimo \u00bb (Is 44,6), il principio e la fine di tutto. Il Credo incomincia&hellip;<\/p>\n","protected":false},"author":2,"featured_media":13523,"parent":327,"menu_order":0,"comment_status":"closed","ping_status":"closed","template":"","format":"standard","meta":{"footnotes":""},"categories":[1],"class_list":["post-335","pagine","type-pagine","status-publish","format-standard","has-post-thumbnail","hentry","category-senza-categoria"],"_links":{"self":[{"href":"https:\/\/lucecristiana.org\/catechismo\/wp-json\/wp\/v2\/pagine\/335","targetHints":{"allow":["GET"]}}],"collection":[{"href":"https:\/\/lucecristiana.org\/catechismo\/wp-json\/wp\/v2\/pagine"}],"about":[{"href":"https:\/\/lucecristiana.org\/catechismo\/wp-json\/wp\/v2\/types\/pagine"}],"author":[{"embeddable":true,"href":"https:\/\/lucecristiana.org\/catechismo\/wp-json\/wp\/v2\/users\/2"}],"replies":[{"embeddable":true,"href":"https:\/\/lucecristiana.org\/catechismo\/wp-json\/wp\/v2\/comments?post=335"}],"version-history":[{"count":0,"href":"https:\/\/lucecristiana.org\/catechismo\/wp-json\/wp\/v2\/pagine\/335\/revisions"}],"up":[{"embeddable":true,"href":"https:\/\/lucecristiana.org\/catechismo\/wp-json\/wp\/v2\/pagine\/327"}],"wp:featuredmedia":[{"embeddable":true,"href":"https:\/\/lucecristiana.org\/catechismo\/wp-json\/wp\/v2\/media\/13523"}],"wp:attachment":[{"href":"https:\/\/lucecristiana.org\/catechismo\/wp-json\/wp\/v2\/media?parent=335"}],"wp:term":[{"taxonomy":"category","embeddable":true,"href":"https:\/\/lucecristiana.org\/catechismo\/wp-json\/wp\/v2\/categories?post=335"}],"curies":[{"name":"wp","href":"https:\/\/api.w.org\/{rel}","templated":true}]}}

<p align="left"><b>198</b><i> </i>La nostra professione di fede incomincia con Dio, perché Dio è « il primo e l&#8217;ultimo » (<i>Is </i>44,6), il principio e la fine di tutto. Il Credo incomincia con Dio <i>Padre</i>, perché il Padre è la prima Persona divina della Santissima Trinità. Il nostro Simbolo incomincia con la creazione del cielo e della terra, perché la creazione è l&#8217;inizio e il fondamento di tutte le opere di Dio.</p>

<p>198 La nostra professione di fede incomincia con Dio, perché Dio è « il primo e l&#8217;ultimo » (Is 44,6), il principio e la fine di tutto. Il Credo incomincia&hellip;</p>
