{"id":325,"date":"2020-07-29T14:34:48","date_gmt":"2020-07-29T14:34:48","guid":{"rendered":"https:\/\/catechismochiesacattolica.it\/?post_type=pagine&#038;p=325"},"modified":"2022-04-22T13:52:19","modified_gmt":"2022-04-22T11:52:19","slug":"sezione-prima","status":"publish","type":"pagine","link":"https:\/\/lucecristiana.org\/catechismo\/indice-generale\/parte-prima\/sezione-prima\/","title":{"rendered":"Sezione prima"},"content":{"rendered":"<p><b>26<\/b> Quando professiamo la nostra fede, cominciamo dicendo: \u00ab Io credo \u00bb oppure: \u00ab Noi crediamo \u00bb. Perci\u00f2, prima di esporre la fede della Chiesa, cos\u00ec come \u00e8 confessata nel Credo, celebrata nella liturgia, vissuta nella pratica dei comandamenti e nella preghiera, ci domandiamo che cosa significa \u00ab credere \u00bb. La fede \u00e8 la risposta dell&#8217;uomo a Dio che gli si rivela e gli si dona, apportando nello stesso tempo una luce sovrabbondante all&#8217;uomo in cerca del senso ultimo della vita. Prendiamo anzitutto in considerazione questa ricerca dell&#8217;uomo (<i>capitolo primo<\/i>), poi la rivelazione divina attraverso la quale Dio si manifesta all&#8217;uomo (<i>capitolo secondo<\/i>), infine la risposta della fede (<i>capitolo terzo<\/i>).<\/p>\n","protected":false},"excerpt":{"rendered":"<p>26 Quando professiamo la nostra fede, cominciamo dicendo: \u00ab Io credo \u00bb oppure: \u00ab Noi crediamo \u00bb. Perci\u00f2, prima di esporre la fede della Chiesa, cos\u00ec come \u00e8 confessata nel&hellip;<\/p>\n","protected":false},"author":2,"featured_media":13523,"parent":315,"menu_order":0,"comment_status":"closed","ping_status":"closed","template":"","format":"standard","meta":{"footnotes":""},"categories":[1],"class_list":["post-325","pagine","type-pagine","status-publish","format-standard","has-post-thumbnail","hentry","category-senza-categoria"],"_links":{"self":[{"href":"https:\/\/lucecristiana.org\/catechismo\/wp-json\/wp\/v2\/pagine\/325","targetHints":{"allow":["GET"]}}],"collection":[{"href":"https:\/\/lucecristiana.org\/catechismo\/wp-json\/wp\/v2\/pagine"}],"about":[{"href":"https:\/\/lucecristiana.org\/catechismo\/wp-json\/wp\/v2\/types\/pagine"}],"author":[{"embeddable":true,"href":"https:\/\/lucecristiana.org\/catechismo\/wp-json\/wp\/v2\/users\/2"}],"replies":[{"embeddable":true,"href":"https:\/\/lucecristiana.org\/catechismo\/wp-json\/wp\/v2\/comments?post=325"}],"version-history":[{"count":0,"href":"https:\/\/lucecristiana.org\/catechismo\/wp-json\/wp\/v2\/pagine\/325\/revisions"}],"up":[{"embeddable":true,"href":"https:\/\/lucecristiana.org\/catechismo\/wp-json\/wp\/v2\/pagine\/315"}],"wp:featuredmedia":[{"embeddable":true,"href":"https:\/\/lucecristiana.org\/catechismo\/wp-json\/wp\/v2\/media\/13523"}],"wp:attachment":[{"href":"https:\/\/lucecristiana.org\/catechismo\/wp-json\/wp\/v2\/media?parent=325"}],"wp:term":[{"taxonomy":"category","embeddable":true,"href":"https:\/\/lucecristiana.org\/catechismo\/wp-json\/wp\/v2\/categories?post=325"}],"curies":[{"name":"wp","href":"https:\/\/api.w.org\/{rel}","templated":true}]}}

<p><b>26</b> Quando professiamo la nostra fede, cominciamo dicendo: « Io credo » oppure: « Noi crediamo ». Perciò, prima di esporre la fede della Chiesa, così come è confessata nel Credo, celebrata nella liturgia, vissuta nella pratica dei comandamenti e nella preghiera, ci domandiamo che cosa significa « credere ». La fede è la risposta dell&#8217;uomo a Dio che gli si rivela e gli si dona, apportando nello stesso tempo una luce sovrabbondante all&#8217;uomo in cerca del senso ultimo della vita. Prendiamo anzitutto in considerazione questa ricerca dell&#8217;uomo (<i>capitolo primo</i>), poi la rivelazione divina attraverso la quale Dio si manifesta all&#8217;uomo (<i>capitolo secondo</i>), infine la risposta della fede (<i>capitolo terzo</i>).</p>

<p>26 Quando professiamo la nostra fede, cominciamo dicendo: « Io credo » oppure: « Noi crediamo ». Perciò, prima di esporre la fede della Chiesa, così come è confessata nel&hellip;</p>
